 the prime factors of r?
7, 199
Suppose 0 = 2*d + 5*r - 180218, -4*d + r + 24227 = -336231. What are the prime factors of d?
2, 3, 23, 653
Suppose 0 = -3*i - 4*m + 4, 31*m - 27*m + 12 = i. Suppose -2*g + i*g + 8 = 0, 0 = 3*j - g - 3784. List the prime factors of j.
2, 3, 5, 7
Let f(k) = k**2 + 4*k - 5. Suppose -5*h = -7*h - 8. Let z be f(h). What are the prime factors of 177 + z + 5 + -1?
2, 11
What are the prime factors of (1345/807)/((-5)/(-31704))?
2, 1321
Let x = -32 - 24. Let m be -122 + (-1)/(-4) + 126/x. Let p = -46 - m. What are the prime factors of p?
2, 3, 13
Let r(x) = -x**3 + 15*x**2 + 5*x + 15. Let m be r(14). Suppose -5*d + 3*c = -m, -6*c + 104 = 2*d - 10*c. List the prime factors of d.
2, 29
Suppose -129 = 5*z + 4*b, 3*z + 5*b + 54 = -13. Let l be z/(-5) - 16/20. Suppose -4*t + 5*y + 22 = -36, -l*y + 10 = 0. What are the prime factors of t?
17
Let g = 32845 + -24509. What are the prime factors of g?
2, 521
Let o(c) = c**3 + 24*c**2 - 27*c - 58. Let x(v) = -2*v**3 - 23*v**2 + 28*v + 57. Let a(f) = 3*o(f) + 2*x(f). What are the prime factors of a(24)?
2, 3, 41
Let o(f) = 2*f**2 + 28*f + 9. Let u be o(23). Suppose -n - 4*y + 333 = 0, 5*n + 10*y = 13*y + u. What are the prime factors of n?
11, 31
Suppose -247*j + 118*j = -90*j - 1483911. What are the prime factors of j?
3, 11, 1153
Suppose -5*i - x = -57842, 4*x - 2*x = -4*i + 46270. Suppose 14*m + 9*m - i = 0. List the prime factors of m.
503
Suppose -168859 + 28495 = -6*x. List the prime factors of x.
2, 3, 7, 557
Let y = -2393 - -4323. List the prime factors of y.
2, 5, 193
Suppose 11*s = -11*s + 664048. Suppose 14*m + 14*m = s. List the prime factors of m.
2, 7, 11
Let x(r) = r**3 - r**2 - 11*r + 20. Let f be x(2). Suppose -f*l = 0, -5*i + 2*i = 3*l - 486. What are the prime factors of i?
2, 3
Suppose -9 = -6*p + 9. Suppose w + 241 = s, 0*s - p*w - 483 = -2*s. What are the prime factors of s?
2, 3, 5
Let p = -50219 - -102701. List the prime factors of p.
2, 3, 8747
Let x(a) = -19*a. Suppose -4*u - 375 = 65. Let m = 99 + u. List the prime factors of x(m).
11, 19
Let f(v) = 3*v**3 + 20*v**2 - 7*v + 82. List the prime factors of f(13).
2, 17, 293
Let o = 174 - 170. Suppose 3351 - 915 = o*q. What are the prime factors of q?
3, 7, 29
Suppose 406*i = 11676290 + 4219828. What are the prime factors of i?
3, 31, 421
Suppose -42 = 4*y + 2*v, -2*v = -y - 4*v - 15. Let q be 5*y/(-15) + 128. Let a = -57 + q. List the prime factors of a.
2, 37
Suppose 6*v - 8*v = -3*q + 23, -5*q = -4*v - 39. Suppose 0 = 34*s + q*s - 53177. List the prime factors of s.
1297
Suppose -25 = -5*z, 4*w + 17*z - 261375 = 22*z. List the prime factors of w.
2, 5, 1307
Let p = -521 + 357. Let y = -41 - p. What are the prime factors of y?
3, 41
Let i(c) = 309*c**2 - 16*c - 412. What are the prime factors of i(-11)?
53, 701
Suppose -2*l + 78 - 694 = -3*u, -2*l + 404 = 2*u. Suppose 0 = -0*p - p + u. Suppose -14*i = -18*i + p. List the prime factors of i.
3, 17
Let i(r) = -r**2 - 30*r - 54. Let l be i(-28). Suppose -10 = 4*d + l*o, d - 4*o = 4 - 2. List the prime factors of d - 508/8*-2.
5
Suppose 2*j = 5*j - 12. Suppose j*t - 3*t = 0. Suppose 75 = 2*b + 3*r, t*b - 4*r + 70 = 2*b. What are the prime factors of b?
3, 5
Suppose -163*n = -162*n + 936. Let i = n - -1498. List the prime factors of i.
2, 281
Let x(j) = 8*j**3 + j**2 + 123*j - 934. List the prime factors of x(8).
2, 5, 421
Let u(i) = 9*i**2 - 46*i + 3497. List the prime factors of u(-68).
19, 2539
Suppose 0 = 259*h - 80513 - 1231063. What are the prime factors of h?
2, 3, 211
Let n be 2/(3*1/6). Suppose -n*w - 902 = -2630. Let k = w + -256. List the prime factors of k.
2, 11
Let c(h) = -h**2 - 2*h + 5. Let n be c(-4). List the prime factors of 2 + 3829/21 + n/9.
2, 23
Suppose 0*n + 2*n + 229 = -3*l, -l + n - 83 = 0. Let q = 77 + l. List the prime factors of q/1 - (-181 - (2 - -1)).
2, 7, 13
Let r(l) = 38*l**3 - 41*l**2 - 14*l + 52. What are the prime factors of r(9)?
109, 223
Let p = -25 - -26. Let c(y) = y - y**3 + y**2 + p + 2*y**2 - 4. What are the prime factors of c(-2)?
3, 5
Suppose -17*q + 334752 = -162906. What are the prime factors of 7*(4/(-46) - q/(-3381))?
2, 3, 5
Let h(g) = -2*g - 16. Let p be h(-11). List the prime factors of ((-610 - p) + -3)/(-1).
619
Let p = -1841 + 6471. What are the prime factors of p?
2, 5, 463
Let u(f) = 2376*f - 1799. What are the prime factors of u(7)?
7, 13, 163
Let q(h) = -h**3 + 4*h**2 - 3*h + 6. Let a be q(3). Let j be 67/a + (2 + 2)/(-24). What are the prime factors of -3 + (-6)/(-3) + j*15?
2, 41
Let v = 113 + -108. Suppose -2*m + v*u = -0 - 1, 0 = 5*m - 2*u - 13. Suppose 4 = -4*y, 0 = -m*s - 2*y + 1071 - 374. List the prime factors of s.
233
Let q = 579 + -337. What are the prime factors of (-12296)/(-11) + 44/q?
2, 13, 43
Let t(o) = 5277*o**2 - 45*o - 86. List the prime factors of t(-2).
2, 7, 13, 29
Suppose -1 = -n, k + 4*n = -n + 20. List the prime factors of 1447 + (45/k - (-8)/(-1)).
2, 7, 103
Let d = -36378 - -80995. List the prime factors of d.
44617
Suppose z + 4*b + 11 = 0, -25 = z + 4*z + 5*b. Let n be (-60)/30 + 4 + (1 - 1). What are the prime factors of z*22/(-2) + n?
5, 7
Let q(x) = 2*x**2 + 32*x + 15. Let r = 25 + -26. Let y be ((-46)/4 - r)/((-7)/(-14)). List the prime factors of q(y).
3, 5
Let y(a) = 489*a + 1123. List the prime factors of y(29).
2, 1913
List the prime factors of 1525496/98 - 42/147.
2, 43, 181
Let l(n) = -2*n**3 + 16*n**2 + 67*n + 3. Let s be l(11). Suppose 3*r = -c + 49, -4*c - c + 4*r + 150 = 0. What are the prime factors of c*((-7)/s)/((-1)/7)?
7, 17
Let w = -23671 + 42746. List the prime factors of w.
5, 7, 109
Let f = -5 - -7. Suppose 5*k = f*k + 1842. Suppose -510 = -4*z + k. List the prime factors of z.
281
List the prime factors of 9 + 4101 + 11 + 0.
13, 317
Let g(m) = -253*m**3 - m + m + 256*m**3 - 5*m**2 - 2*m**2 + 5*m + 6. What are the prime factors of g(5)?
3, 7, 11
Let l(j) = -5*j**3 - 2*j**2 + 7*j + 14. Let s(m) = 5*m**3 + 2*m**2 - 7*m - 15. Let t(g) = 6*l(g) + 5*s(g). What are the prime factors of t(-6)?
3, 5, 13
Let p be (-1 + -2)/((-1)/(-91)). What are the prime factors of (-9)/12*(p + 13)?
3, 5, 13
Let n = 593 + -288. Suppose 3*c + 163 - 778 = -4*z, -2*z + c = -n. What are the prime factors of z?
3, 17
Let a = 36583 + -19312. What are the prime factors of a?
3, 19, 101
Let z(f) = -37*f**3 - f**2 + 4*f + 3. Suppose -17*w + 25*w + 16 = 0. What are the prime factors of z(w)?
7, 41
Let q = -31 - -37. Suppose -2 = -q*v + 16. Suppose -v*j + 396 = 8*j. What are the prime factors of j?
2, 3
Suppose -s + 4*q = 2, 0*q = -5*s - q + 11. Suppose s*b - 996 = 132. What are the prime factors of b?
2, 3, 47
Let x(n) = 91*n**2 + 109*n - 65. What are the prime factors of x(13)?
3, 11, 13
Suppose 2*u = -29*x + 32*x - 96174, 2*x - 5*u - 64138 = 0. What are the prime factors of x?
2, 11, 31, 47
Let l(j) = -22*j - 22. Let v be l(-5). Let w = v + -116. List the prime factors of 774/7 + (-12)/w.
3, 37
Let x = -106 - -110. Let f = x + 0. Suppose -o - 153 = -b - 4*o, f*o = 5*b - 765. List the prime factors of b.
3, 17
Let v(n) = -9*n**3 + 5*n**2 + 8*n + 13. What are the prime factors of v(-9)?
6907
Let r(k) = 6*k**2 - 2. Let l be r(1). Suppose -f = -7*f + l*f. Suppose f = -6*y - 109 + 1243. List the prime factors of y.
3, 7
Let r = 26019 + -13671. List the prime factors of r.
2, 3, 7
Let m(f) = -f**3 + 69*f**2 - 18*f - 502. List the prime factors of m(63).
2, 13, 853
List the prime factors of 14*243/756*5046.
3, 29
Let n(p) = 387*p + 33. What are the prime factors of n(4)?
3, 17, 31
Let y(k) = -3*k**3 + 331 - k**3 + 145 + 3*k**3. What are the prime factors of y(0)?
2, 7, 17
Let d = 183 - 182. Let s(g) = 263*g**3 - g**2 + 3*g - 2. What are the prime factors of s(d)?
263
Suppose -2*w - 1079 + 2805 = 0. Suppose -m + 619 = k, 4*m = k + w + 1603. List the prime factors of m.
617
Suppose 11*c + 133 = 30*c. List the prime factors of (-147)/c*(-51)/9.
7, 17
Suppose 2*r - 5*x = -0*x + 1, r - x = 2. Suppose r*j = 41 - 53. List the prime factors of (-10)/(356/90 + j).
3, 5
Suppose -97*h + 353057 - 25100 = 0. What are the prime factors of h?
3, 7, 23
Suppose -18810*s + 18822*s - 181884 = 0. What are the prime factors of s?
23, 659
Suppose -9 - 11 = -5*u, 2*y + 6862 = u. What are the prime factors of 